{"id":16,"date":"2017-07-31T09:09:38","date_gmt":"2017-07-31T09:09:38","guid":{"rendered":"http:\/\/www.technikum-academy.cz\/?page_id=16"},"modified":"2022-03-27T19:36:04","modified_gmt":"2022-03-27T19:36:04","slug":"ostatni-sluzby","status":"publish","type":"page","link":"https:\/\/www.technikum-academy.cz\/index.php\/ostatni-sluzby\/","title":{"rendered":"Slu\u017eby"},"content":{"rendered":"<h3><\/h3>\n<ul>\n<li>Odborn\u00e9 \u0161kolen\u00ed pedagog\u016f v\u00a0r\u00e1mci RVP ZV \u010clov\u011bk a Sv\u011bt pr\u00e1ce, \u010clov\u011bk a jeho Sv\u011bt v n\u00e1vaznosti na jeho vymezen\u00ed v\u00a0R\u00e1mcov\u00e9m vzd\u011bl\u00e1vac\u00edm programu pro z\u00e1kladn\u00ed vzd\u011bl\u00e1v\u00e1n\u00ed<\/li>\n<li>Poskytov\u00e1n\u00ed prostor pro aktivity student\u016f v\u00a0r\u00e1mci rozvoje jejich technick\u00fdch dovednost\u00ed v souladu s\u00a0nov\u00fdmi trendy na trhu pr\u00e1ce v\u00a0oblasti 3D tisku a robotiky<\/li>\n<li>Poskytov\u00e1n\u00ed prostor pro dosp\u011bl\u00e9, kte\u0159\u00ed mohou vyu\u017e\u00edvat vybudovan\u00e9 d\u00edlny k\u00a0realizaci vlastn\u00edch v\u00fdrobk\u016f v\u00a0r\u00e1mci jejich volno\u010dasov\u00fdch aktivit<\/li>\n<li>Po\u0159\u00e1d\u00e1n\u00ed workshop\u016f \/nap\u0159. robotiky, 3D tisku\/<\/li>\n<\/ul>\n<p><strong>\u00a0<\/strong><\/p>\n<p>&nbsp;<\/p>\n","protected":false},"excerpt":{"rendered":"<p>Odborn\u00e9 \u0161kolen\u00ed pedagog\u016f v\u00a0r\u00e1mci RVP ZV \u010clov\u011bk a Sv\u011bt pr\u00e1ce, \u010clov\u011bk a jeho Sv\u011bt v n\u00e1vaznosti na jeho vymezen\u00ed v\u00a0R\u00e1mcov\u00e9m vzd\u011bl\u00e1vac\u00edm programu pro z\u00e1kladn\u00ed vzd\u011bl\u00e1v\u00e1n\u00ed Poskytov\u00e1n\u00ed prostor pro aktivity student\u016f v\u00a0r\u00e1mci rozvoje jejich technick\u00fdch dovednost\u00ed v souladu s\u00a0nov\u00fdmi trendy na trhu pr\u00e1ce v\u00a0oblasti 3D tisku a robotiky Poskytov\u00e1n\u00ed prostor pro dosp\u011bl\u00e9, kte\u0159\u00ed mohou vyu\u017e\u00edvat vybudovan\u00e9 &hellip; <\/p>\n<p class=\"link-more\"><a href=\"https:\/\/www.technikum-academy.cz\/index.php\/ostatni-sluzby\/\" class=\"more-link\">Pokra\u010dovat ve \u010dten\u00ed<span class=\"screen-reader-text\"> &#8222;Slu\u017eby&#8220;<\/span><\/a><\/p>\n","protected":false},"author":1,"featured_media":0,"parent":0,"menu_order":0,"comment_status":"closed","ping_status":"closed","template":"","meta":{"footnotes":""},"_links":{"self":[{"href":"https:\/\/www.technikum-academy.cz\/index.php\/wp-json\/wp\/v2\/pages\/16"}],"collection":[{"href":"https:\/\/www.technikum-academy.cz\/index.php\/wp-json\/wp\/v2\/pages"}],"about":[{"href":"https:\/\/www.technikum-academy.cz\/index.php\/wp-json\/wp\/v2\/types\/page"}],"author":[{"embeddable":true,"href":"https:\/\/www.technikum-academy.cz\/index.php\/wp-json\/wp\/v2\/users\/1"}],"replies":[{"embeddable":true,"href":"https:\/\/www.technikum-academy.cz\/index.php\/wp-json\/wp\/v2\/comments?post=16"}],"version-history":[{"count":12,"href":"https:\/\/www.technikum-academy.cz\/index.php\/wp-json\/wp\/v2\/pages\/16\/revisions"}],"predecessor-version":[{"id":2268,"href":"https:\/\/www.technikum-academy.cz\/index.php\/wp-json\/wp\/v2\/pages\/16\/revisions\/2268"}],"wp:attachment":[{"href":"https:\/\/www.technikum-academy.cz\/index.php\/wp-json\/wp\/v2\/media?parent=16"}],"curies":[{"name":"wp","href":"https:\/\/api.w.org\/{rel}","templated":true}]}}